. Calculate t(i).
-2
Let s(l) = -l**3 + 9*l**2 - 10*l + 11. Suppose 4*y - 2*i = 5*y + 2, -4*y + 3*i = -47. Determine s(y).
-5
Let m(h) = h**2 + 4*h + 3. Let l be m(-3). Let o(b) = b**2 + b. Calculate o(l).
0
Let t(l) = 8*l**2 - l - 1. Let z be t(-1). Let g(p) = z - 1 + 0*p + p. Suppose 3*r - 5 = -5*x, -2*r + 11 = -r + 4*x. What is g(r)?
2
Let s(o) = o + 1. Let h be s(-1). Let p(b) = -5*b**2 - b - 5 + 0*b + 6*b**2. Calculate p(h).
-5
Let p be -9*((-6)/9)/2. Suppose p*o - 17 = t - 1, 5*o - t = 24. Let h(v) = v**3 - 4*v**2 + 4*v - 3. Determine h(o).
13
Let o(i) = i**2 - i - 12. Let l = -6 + 7. Suppose u = 2*z - 0*z - 2, 3*u + z - l = 0. What is o(u)?
-12
Let q(k) be the first derivative of -1/3*k**3 + 1/2*k**2 + k - 2. What is q(2)?
-1
Suppose 2*v = -4*f, -5*v + 11 = f - 2*f. Let d(q) = -13*q - 16 + 3*q**v - 2*q**2 - 2*q**2. Let h be d(-12). Let t(b) = -b**2 - 5*b + 4. Determine t(h).
8
Suppose 5*i + 8 = 3*n - 24, -2*n = 2*i + 16. Let q(u) = u**2 + 7*u + 8. Determine q(i).
8
Let h(m) = -3*m + 5. Let u be h(2). Let c(n) = n**3 - n**2 - n. Let p(q) = 8*q**3 - q**2 - 2*q. Let d(y) = 3*c(y) - p(y). What is d(u)?
4
Let s(c) = 52 + 2*c - 52. Give s(-4).
-8
Let w(y) = -y - 3. Let n(o) = o**2 - 6*o. Let t be n(6). Let r be (t + (-9)/6)*4. Determine w(r).
3
Suppose 3*m = 9, -4*t + 26 = t - 3*m. Let k = 6 - t. Let a(z) = -z + 1. What is a(k)?
2
Let q(g) = -g**2 + g. Suppose 5*j - 25 = -0*j, 20 = v + 4*j. Let f be -2 + v + 1 + -1. What is q(f)?
-6
Let g(f) be the third derivative of 0 + 3*f**2 + 1/24*f**4 + 0*f + 1/120*f**6 + 1/6*f**3 + 1/12*f**5. Let q = 11 - 16. Determine g(q).
-4
Let k(o) be the second derivative of -o**5/20 - 7*o**4/12 + 3*o**3/2 + o**2/2 - 10*o. Calculate k(-8).
-7
Let g(a) = -a**3 + 4*a**2 - 2*a + 6. Suppose -5 = 5*z + 5*u, 3 = -u - 2. Let x be 4/10 - 336/(-60). Suppose -z*v = -x - 10. Calculate g(v).
-2
Let c(j) = 2*j**2 - 3*j - 2. Let k(l) = l**2 + l + 1. Let d(x) = c(x) - 3*k(x). Let m = 26 + -30. Let h be d(m). Let i(p) = -p - 3. What is i(h)?
-6
Let f = 0 + -1. Let x(s) be the first derivative of -s**7/280 + s**6/360 - s**3/3 + 2. Let m(i) be the third derivative of x(i). Calculate m(f).
4
Let t = 52 - 30. Suppose -6 = 2*k + 5*a + 24, 3*a + t = -2*k. Let q(x) = -2*x + 1. What is q(k)?
11
Let d be (-78)/21 - (-4)/(-14). Let v(z) = -2*z**2 - 3*z - 4. What is v(d)?
-24
Let w(f) be the second derivative of -f**5/20 + f**4/3 + f**3/3 - 3*f**2 - 2*f. Let s(g) = g + 4. Let p be s(4). Suppose a + a = p. What is w(a)?
2
Let x(q) = -q - 1. Let k(u) = 6*u + 9. Let j(z) = -k(z) - 3*x(z). Calculate j(-4).
6
Let t(o) = o**3 - 6*o**2 + 7*o - 7. Let v be (0 - -1)/((-6 - -1)/(-25)). Give t(v).
3
Let y(g) be the first derivative of -3*g**4/2 - 2*g**3/3 + g + 4. Suppose -r = 2*r. Let o = r - 1. Determine y(o).
5
Suppose 4*c - 4*x - 3 - 1 = 0, 0 = 5*c - 2*x - 8. Let f(g) be the first derivative of 3 - 2*g - 1/2*g**c. Calculate f(-2).
0
Let k = -3 - -4. Let d(f) = f**3 - f**2 + f + 1. Let i(b) = 4*b**2 - b - 3. Let j(z) = k*i(z) - d(z). Let y = -21 + 24. Give j(y).
8
Suppose -2*l + 4 = 3*m - 7, 2*m - 2 = 4*l. Let b(w) be the first derivative of w**4/12 + w**2/2 - 1. Let d(g) be the second derivative of b(g). Calculate d(l).
2
Let t(q) = -q + 6. Let r be t(-6). Let x(a) = -r*a**2 + a - 4 + 4*a + 13*a**2 + a. Determine x(-5).
-9
Suppose -4*j + 182 = 178. Let l(m) be the first derivative of 8*m + 1/2*m**2 - j. Give l(-6).
2
Let j be ((-4)/2)/(-18)*-3*-24. Let d(a) = -2*a + 7. What is d(j)?
-9
Let t(n) = -2*n**2 - 3*n. Let a(l) = -3*l**2 + 4*l + 5. Let k be a(4). Let g be (-1)/(k/(-12) + -2). Let c = 2 + g. Determine t(c).
-2
Let y(k) = k**2 - 4*k - 4. Let r be y(5). Let x be 1*(r + -3 - -9). Let u(q) = -q**2 + 7*q + 3. What is u(x)?
3
Let n = 1 + -1. Let j(t) = t**3 + 7*t**2 + 6*t + 2. Let o be j(-6). Let r(s) = 3*s**o - s**3 + 13 + s - 4 + 2*s**2 - 4*s**2. Determine r(n).
9
Let d(b) = 2*b**2 - b. Let j be (1 + 2)*(-3)/9. Determine d(j).
3
Let r(j) = 4 - 2 + j + 0*j. Calculate r(4).
6
Let d be ((-4)/6)/((8/36)/1). Let w(x) = -2*x + 4. Determine w(d).
10
Let p(c) = 2*c**2 - 3*c - 150 + 153 + c**2. Suppose 5*b - 35 + 10 = 0. Suppose b*s + r - 13 - 1 = 0, -2*r = -4*s. Determine p(s).
9
Let p(m) = -m**2 - 6*m. Let y be -1 + -1 - (2 + 1). What is p(y)?
5
Let l(u) = -2*u**2 - 3*u**3 + 0*u**3 - u**3 + 5*u**3 - u. Give l(2).
-2
Let i(c) be the third derivative of -1/120*c**6 - 1/15*c**5 + c**2 - 1/6*c**4 + 0*c - 1/6*c**3 + 0. Let z = 3 - 6. Give i(z).
2
Let s be 88/5 + (-6)/10. Suppose -s = -3*d - 5. Let v(z) = z - 4. Give v(d).
0
Let d(j) be the first derivative of -j**3/3 + 5*j**2/2 - 3*j - 8. What is d(5)?
-3
Let y(w) be the second derivative of w**6/120 + w**4/24 + 2*w**3/3 + 2*w. Let q(o) be the second derivative of y(o). Give q(1).
4
Let b(m) be the third derivative of -m**6/120 + m**5/60 - m**4/24 + m**3/6 - 6*m**2. Let t be 4/((-4)/(-2)) - 0. What is b(t)?
-5
Let c(d) be the third derivative of d**5/60 + 5*d**4/24 + 5*d**3/6 - 5*d**2. Suppose -w = -2*l - 6, 3*l - 8*l = 5*w + 45. Give c(l).
5
Let d = 3 - 1. Suppose 3*t - 15 = -2*t. Let x(v) = -v + t*v - v - 1 + v**d. Give x(2).
5
Let y(n) = -10*n + 1. Let t(z) = 11*z - 1. Let o(w) = 5*t(w) + 6*y(w). Give o(-1).
6
Let b(m) be the first derivative of m**4/2 - m**3 + 2*m + 1. Let y(p) = -2*p**3 + 1. Let j be y(1). Let o be 3 + 0 + 0 + j. What is b(o)?
6
Suppose b - 5*o = 25, 0*b + 4*o + 20 = 4*b. Suppose 0 = 2*r - 2*h - 12, 4*r + 2*h + 0*h = b. Let c(w) = 4*w**r - w - w + 3 - w**3 - 2. What is c(3)?
4
Let a(s) be the second derivative of -s**5/20 - s**4/2 - 2*s**3/3 + 3*s**2/2 - 3*s. What is a(-5)?
-2
Let c(w) = 9*w**2 + 10. Let x(u) = -4*u**2 + u - 5. Let z(n) = 3*c(n) + 7*x(n). Determine z(4).
7
Suppose j = -l - 0*l, 0 = 3*l. Let k(b) = -b + 10. What is k(j)?
10
Let i be (-2)/(-7) - (-18)/(-14). Let b(z) = -4*z**2 + z + 1. Let w be b(i). Let a(q) = -q - 4. Let l(v) = -v - 3. Let m(h) = w*l(h) + 3*a(h). Determine m(5).
5
Let n(i) be the third derivative of i**9/60480 + i**8/4032 - i**7/2520 - i**6/120 + 2*i**5/15 - 8*i**2. Let w(l) be the third derivative of n(l). What is w(-5)?
4
Let b(r) = 2*r - 5. Let c = -4 + -2. What is b(c)?
-17
Suppose -2*y + 16 = v, 3*y - 31 + 7 = -v. Let r(p) = p**3 - 7*p**2 - 8*p - 2. Determine r(y).
-2
Let d = 43 - 42. Let j(q) = 2*q**3 + 2*q**2 - 1. Give j(d).
3
Let b(o) be the second derivative of -5*o - 1/2*o**4 + o**3 + 0*o**2 + 1/20*o**5 + 0. Let i be (10 - 0)*2/4. Determine b(i).
5
Let q(n) = -n**2 - n - 4. Let m be (41 - 1)*16/10. Let f = -44 + m. Suppose -h = -5*d - 20, -4*h = -3*h + 5*d + f. Calculate q(h).
-4
Let s(y) = -3*y - 1. Let m(d) = -d. Suppose 0 = -2*n + 5*a - 4*a - 6, -4*n + 3*a - 14 = 0. Let i(o) = n*s(o) + 9*m(o). Calculate i(2).
-4
Let p be 6 + (0 - -2) + 0. Let h(s) = -8*s - 18*s**2 + 1 + 8*s**2 + 11*s**2. Calculate h(p).
1
Let r(q) = -q**3 - 8*q**2 + q + 2. Suppose 0 = -3*v - 4 - 20. Give r(v).
-6
Let u = 46 + -48. Let j(r) = r**2 + 1. Let a(v) = 2 + v**2 + v**3 - 2 - 6*v - 4. Let m(i) = u*j(i) - a(i). Calculate m(-4).
-6
Suppose 0 = -5*x - 10 + 20. Let g(p) = 6*p - 8 + x + 5. Let v(s) = s**2 + s + 1. Let z be v(-1). Give g(z).
5
Suppose 5*g + 20 = 2*r + 3*r, -5*r + 8 = -2*g. Suppose t - 22 = -5*k, -4*k + 24 = -t + 5*t. Let n = r + t. Let i(y) = -y + 2. Give i(n).
0
Let u(n) be the second derivative of -5*n + 0*n**2 + 0 + 1/2*n**3. Give u(-2).
-6
Let a(w) = 5*w**2 - 2*w. Let y(m) = m**2. Let n(p) = a(p) - 4*y(p). What is n(2)?
0
Let t(v) = -2*v**3 + 3*v**2 + v - 2. Let i = 3 - 2. Let m = i + 1. Let r be t(m). Let a(o) = -2*o - 3. Calculate a(r).
5
Let b(x) = 14*x**3 - x**2 - 2*x - 1. Suppose t + 1 + 0 = 0. Give b(t).
-14
Let v(q) = 26*q + 8. Let h(d) = 11*d + 3. Let a(j) = 12*h(j) - 5*v(j). Let p = -7 - -11. Give a(p).
4
Let z(n) be the first derivative of n**4/4 + 5*n + 8. Suppose 3*f + 2*b + 3 = 0, -5*f - 11 = -5*b + 19. Let c be (1 - 1)/(6/f). What is z(c)?
5
Let l(a) = -a**2 + a - 1. Let j(i) = 2*i**2 + 4*i + 4. Let u(x) = -j(x) - 3*l(x). Give u(6).
-7
Let d(n) be the second derivative of n**3/2 - n**2/2 - 6*n. Calculate d(-2).
-7
Let l(w) = -w**2 - 2*w + 3. Let b be 11/(-4) + (-3)/12. Let g be l(b). Let v(s) = s**2 + 9. Give v(g).
9
Let f(d) = d - 2. Suppose -5*b = -5, -4*x + 2*b - 5*b = -27. Let z be (2/x)/((-7)/(-21)). Calculate f(z).
-1
Let 